+ 65. Suppose -4*v - f = -7*v. What is the units digit of v?
5
Let r be 3 + (-8)/(-2)*(-5)/20. What is the units digit of 1*334/r - -1?
8
Suppose -3*g + 2162 = -12*p + 7*p, -4*p - 2164 = -3*g. What is the units digit of g?
4
Let j be (-20)/(-8) - 3/(-6). Suppose -2*p + w - 16 = -7*p, 2*w = j*p - 7. What is the units digit of p?
3
Suppose 0 = -4*c - 2*u + 1294, -593 = 5*c - 4*u - 2243. What is the hundreds digit of c?
3
Let j = -114 + 145. What is the units digit of j?
1
What is the hundreds digit of (8*6/16)/((-3)/(-443))?
4
Suppose 357 = 3*y + d, 11*y - 9*y - 3*d = 249. What is the tens digit of y?
2
Suppose 24698 - 5546 = 28*r. What is the tens digit of r?
8
Suppose 2*p - 3 = 7. Suppose 34 - 4 = -p*i. Let n = i + 71. What is the units digit of n?
5
Let l(g) = -100*g + 110. What is the tens digit of l(-7)?
1
Let m(y) be the third derivative of 13*y**6/120 - y**5/60 - y**4/24 + 10*y**2. What is the tens digit of m(2)?
9
Let r be (2 - 1 - 2)*(110 + -9). Let y = r - -329. What is the units digit of y?
8
Let r = -1 - -1. Suppose 0*p + 5*y = -3*p + 12, -p - y + 6 = r. Let z(n) = -n**2 + 10*n + 10. What is the tens digit of z(p)?
1
Let b = -39 - -43. Let v(t) = 11*t + 8. What is the tens digit of v(b)?
5
Let w = 14 - 16. Let t be ((-27)/w)/((-4)/(-8)). Let b = t - 15. What is the tens digit of b?
1
Suppose -4*b + 4 = -5*a - 7*b, 4*a - 2*b = -12. Let l be (-12)/a*3/9. What is the tens digit of (l*(3 + -17))/(-2)?
1
Let v(t) = t**3 - t**2 + t - 13. Let f be v(0). Let g(m) = -20*m**2 - m + 1. Let a be g(1). Let y = f - a. What is the units digit of y?
7
Let h be 2 + 47 + -1 - 4. Suppose -5*c + 300 = 3*m + 2*m, m - h = 3*c. What is the units digit of m?
6
Suppose -8*a = 608 + 936. Let b = a + 355. What is the units digit of b?
2
Suppose 0*t = -4*t + 48. Let o = 5 - 21. What is the tens digit of (99/t)/((-3)/o)?
4
Let k(b) be the first derivative of 59*b**3/3 - b**2/2 + 3*b + 12. What is the hundreds digit of k(2)?
2
Suppose -2*u = -4*y + 14, 0 = -2*y + 4*u + 10. Suppose r + y*o - o - 12 = 0, -2*r + 22 = 5*o. What is the units digit of ((-4)/2)/((-8)/r)?
4
Let z(h) = -h**3 + 12*h**2 - 11*h - 3. Let k(q) = -q**2 + q + 1. Let o(a) = -2*k(a) + z(a). Let r be o(13). What is the tens digit of 231/12 - r/(-20)?
1
Suppose -2*v = 4*m - 1358, -3*v + 1220 = -2*m - 841. What is the tens digit of v?
8
Suppose 0 = -t + 2*z - 41, 0*z + 119 = -3*t + 2*z. Let m = 97 + t. Suppose 0 = -y - y + m. What is the tens digit of y?
2
Suppose z - 3231 = -4*x, -2*x - x + z + 2425 = 0. What is the units digit of x?
8
Suppose s - 36 = 7*s. What is the tens digit of 8 + s - -4*17?
7
Suppose -f - 6 = f. Let u be 0 - f/6*2. What is the tens digit of (u/(-3))/((-1)/39)?
1
Let o be (1 - 3) + (28 - 27). What is the units digit of ((-52)/(-6))/((16/(-120))/o)?
5
Suppose -30*q + 64020 = 3*q. What is the thousands digit of q?
1
Let s = -9 + 21. Suppose -5*f + 3*z = s, 20 = -5*f - z + 6*z. Suppose i + 3*i + 3*w - 125 = f, 4*i - 3*w - 131 = 0. What is the units digit of i?
2
Suppose 3*y - 1 = 11. Suppose -9 = d - y*d. Suppose 2*h + 2*l - d*l - 49 = 0, h + 3*l = 35. What is the units digit of h?
6
Suppose 4*b = -k - k + 22, -25 = -4*b - 3*k. Suppose 36 + 4 = l + b*a, -4*a = 0. Suppose 38 + l = 2*s. What is the tens digit of s?
3
Let q(u) = 69*u**3 - u**2 - 2*u + 3. Let p be 2/9 + (-49)/(-63). What is the tens digit of q(p)?
6
Let y(k) = 11*k**2 + 4. Suppose 2*h + 2*c - 7*c = -29, 5*h + 25 = 3*c. What is the tens digit of y(h)?
4
Let f(r) = 4*r**3 + 2*r. Let k be f(2). Let t be 50/18 - (-8)/k. Let d = t - -18. What is the tens digit of d?
2
Let g(o) = 9*o**2 + 3*o + 16. What is the units digit of g(-7)?
6
Let b be -2 - 0 - (-16)/(16/4). What is the units digit of (-34 + 1)*(-7 + 6 - b)?
9
Let m = 0 - 20. Let j be ((-18)/5)/(m/(-50)). Let d = 23 + j. What is the units digit of d?
4
What is the units digit of (-10)/(-4)*(-148)/(-5)?
4
What is the hundreds digit of 12/15*(-4 + 0 - -3849)?
0
Let u = 14222 + -9158. What is the tens digit of u?
6
Let y be (-76)/(-14) + (1 - 30/21). Let j be 90*(-1 - (-10)/6). Suppose 0*l = y*l - j. What is the tens digit of l?
1
Let q(u) = -2. Let f(g) = 12*g - 46. Let k(r) = 2*f(r) - 44*q(r). What is the hundreds digit of k(5)?
1
Suppose -49*d - 14267 = -60*d. What is the hundreds digit of d?
2
What is the units digit of (-10 - (-476)/49) + 2748/14?
6
Let v = 53 - 29. Let m = 49 - v. Let y = m - 11. What is the tens digit of y?
1
Let v(l) = l - 1. Let a(y) = y - 1. Let s(n) = 4*a(n) - 3*v(n). Let z be s(1). Suppose 84 = 4*g - z*g. What is the units digit of g?
1
Suppose 2*c = -2*c. Suppose 2*j - j + 128 = c. Let d = -68 - j. What is the units digit of d?
0
Suppose 9*g + 216 - 711 = 0. What is the tens digit of (3/2)/(1/2) + g?
5
Let x(k) = -k**3 + k**2 + 3*k + 6. Let n be x(3). What is the hundreds digit of (-27 + 1)*(-9)/(-6)*n?
1
What is the units digit of 131/(5/180*12)?
3
Let p(n) = -n**2 + 6*n - 6. Let v be p(6). Let h be (-98)/v - 1/3. Suppose 4*t = -d + h, 2*d = d + t + 26. What is the tens digit of d?
2
Let p be -2*5/10 + 3/1. Suppose p*u = -6*u + 464. What is the tens digit of u?
5
Let m(d) = 2*d + 4. Let x be m(-12). Let y = -18 - x. What is the units digit of y?
2
Let w be 30 + (-5 - -4)*-3. What is the units digit of (-202)/(-3) + 55/w?
9
Let w be 20/(-2)*(-3)/6. Let m(u) = u + w*u - u - 9 + 5. What is the units digit of m(4)?
6
Let p be 4/(1 - 308/316). Let w = p + 17. What is the tens digit of w?
7
Let n(u) = u**2 + 5*u + 7. Let m(j) = -j**3 + 7*j**2 - 6*j + 7. Let v be m(6). Suppose -5*w - 37 = -v. What is the tens digit of n(w)?
1
Suppose -4*r = -0*r - 48. Let j be (-1 - r/(-20))*-5. Suppose -68 = -2*i - 4*z, j*z - 6*z = 5*i - 140. What is the units digit of i?
4
Suppose m - 3361 = -h - 1009, 0 = 4*h - 16. What is the hundreds digit of m?
3
What is the units digit of ((-3)/1 - -1) + (215 - 3)?
0
Let a(s) = s**2 - 5*s - 19. Let v be (10 + -6)/(-1 + (-9)/(-15)). What is the tens digit of a(v)?
3
What is the thousands digit of (-114995)/(-35) - 4*(-12)/112?
3
Let n(g) = -2*g**2 + 4*g + 2. Let q(k) = 2*k**2 - 3*k - 1. Let m(p) = -5*n(p) - 4*q(p). Suppose a + 9 = 16. What is the units digit of m(a)?
6
Let x = -19 + 13. Let t = -5 - x. What is the units digit of t?
1
Let w(s) = 2*s - 15. Let r(d) = 3*d - 23. Let p(n) = -5*r(n) + 8*w(n). Let t be p(9). Suppose -t = -u - 0*u. What is the units digit of u?
4
Suppose 3*b + 5*m - 7561 = -2598, 2*m - 1654 = -b. What is the hundreds digit of b?
6
Suppose -2*f - 19 = 3*j, 11*f - 2*j = 6*f. What is the units digit of (3/(-4))/(f/200)?
5
Let d(j) = 1 + 0*j - j + j**2 + 114*j**3 + 222*j**3 - 105*j**3. Let y be d(1). Suppose 0 = 4*w - 4*n - y, -w - n + 55 + 3 = 0. What is the tens digit of w?
5
Suppose 4*q - 308 = 5*m - 100, -41 = -q + 4*m. What is the tens digit of q?
5
Suppose 0 = 18*t - 28 - 26. Suppose -91 = -q - 14. Suppose t*d = -d + a + 95, q = 3*d + 5*a. What is the tens digit of d?
2
Let b(d) = d**2 - d - 7. Let g be b(4). Suppose n - 4*w - 21 = 0, n - g*n + 138 = 2*w. What is the tens digit of n?
3
Suppose -30 = -8*a + 3*a. Let h = a + 14. Suppose h = 4*z + z, 4*z = 3*i - 26. What is the units digit of i?
4
Let m = -74 + 79. Suppose -i + 14*n = 16*n - 101, -m*i + 481 = 2*n. What is the tens digit of i?
9
Suppose -v + 164 = 2*h, -825 = -5*v - h - 4*h. Let s = v - 97. Suppose -4*a + s = -5*p, -4*a + 47 = -2*p - 19. What is the units digit of a?
6
Let q(b) = -9*b - 83. Let u be q(-10). Suppose j + 234 = p, -2*j + u*j - 1130 = -5*p. What is the units digit of p?
0
Let s(v) = -11*v + 11. Let u(a) = -5*a + 6. Let y(n) = -6*s(n) + 13*u(n). Let m(r) = r. Let o(l) = -2*m(l) + y(l). What is the units digit of o(10)?
2
Let i = -267 + 464. Let v = i - -42. What is the hundreds digit of v?
2
What is the hundreds digit of 2498/(-2)*(18/(-3) + 5)?
2
Let o(u) = u**3 + 5*u**2 + u + 4. Let q be o(-5). Let a = 3 + q. What is the units digit of 13 - (a + (2 - 3))?
2
Suppose -20*j + 128518 = 6*j. What is the units digit of j?
3
Suppose 5*p - 5*y = 15, -4*p + 3*y = p - 15. What is the tens digit of ((-54)/9)/(p/(-84))?
6
Let i be ((-10)/(-20))/((-2)/224). What is the tens digit of -1 + 0 - (i + 15)?
4
Suppose 4*n = -2*o, -4 = -o + 3*n - n. Suppose -4*v + 7 = -j + 211, 0 = 5*j + o*v - 1064. What is the tens digit of j?
1
Let 